{"id":1074,"date":"2013-10-15T09:36:19","date_gmt":"2013-10-15T08:36:19","guid":{"rendered":"http:\/\/dr-nikolaus.de\/?page_id=1074"},"modified":"2021-04-29T07:02:45","modified_gmt":"2021-04-29T06:02:45","slug":"formulare","status":"publish","type":"page","link":"https:\/\/dr-nikolaus.de\/?page_id=1074","title":{"rendered":"Formulare"},"content":{"rendered":"<p>Sehr geehrte Patientin, sehr geehrter Patient,<br \/>\nwir sind gesetzlich dazu verpflichtet, mindestens alle 2 Jahre, bzw. bei Neuanmeldung einen aktuellen Anamnesebogen (Fragebogen \u00fcber Ihren Gesundheitszustand) von Ihnen ausf\u00fcllen zu lassen.<br \/>\nDieser ist f\u00fcr uns (und nat\u00fcrlich auch f\u00fcr Sie) sehr wichtig, da wir unsere Behandlung beispielsweise an vorhandene Allergien oder Medikamente, die Sie einnehmen m\u00fcssen, anpassen m\u00fcssen.<br \/>\nUm Ihnen und uns die Arbeit zu erleichtern, haben wir hier unser Anamneseformular zum Download bereit gestellt. Sie k\u00f6nnen es in Ruhe daheim ausf\u00fcllen und zu Ihrem Termin mitbringen. Die von Ihnen get\u00e4tigten Angaben unterliegen selbstverst\u00e4ndlich der \u00e4rzlichen Schweigepflicht.<\/p>\n<p>Zum Download hier klicken:\u00a0<a href=\"https:\/\/dr-nikolaus.de\/wp-content\/uploads\/2021\/04\/Anamnese-2021.pdf\">Anamnesebogen\u00a0<\/a><\/p>\n","protected":false},"excerpt":{"rendered":"<p>Sehr geehrte Patientin, sehr geehrter Patient, wir sind gesetzlich dazu verpflichtet, mindestens alle 2 Jahre, bzw. bei Neuanmeldung einen aktuellen Anamnesebogen (Fragebogen \u00fcber Ihren Gesundheitszustand) von Ihnen ausf\u00fcllen zu lassen. Dieser ist f\u00fcr uns (und nat\u00fcrlich auch f\u00fcr Sie) sehr &hellip; <a href=\"https:\/\/dr-nikolaus.de\/?page_id=1074\">Weiterlesen <span class=\"meta-nav\">&rarr;<\/span><\/a><\/p>\n","protected":false},"author":2,"featured_media":0,"parent":0,"menu_order":8,"comment_status":"closed","ping_status":"open","template":"","meta":{"footnotes":""},"_links":{"self":[{"href":"https:\/\/dr-nikolaus.de\/index.php?rest_route=\/wp\/v2\/pages\/1074"}],"collection":[{"href":"https:\/\/dr-nikolaus.de\/index.php?rest_route=\/wp\/v2\/pages"}],"about":[{"href":"https:\/\/dr-nikolaus.de\/index.php?rest_route=\/wp\/v2\/types\/page"}],"author":[{"embeddable":true,"href":"https:\/\/dr-nikolaus.de\/index.php?rest_route=\/wp\/v2\/users\/2"}],"replies":[{"embeddable":true,"href":"https:\/\/dr-nikolaus.de\/index.php?rest_route=%2Fwp%2Fv2%2Fcomments&post=1074"}],"version-history":[{"count":9,"href":"https:\/\/dr-nikolaus.de\/index.php?rest_route=\/wp\/v2\/pages\/1074\/revisions"}],"predecessor-version":[{"id":1616,"href":"https:\/\/dr-nikolaus.de\/index.php?rest_route=\/wp\/v2\/pages\/1074\/revisions\/1616"}],"wp:attachment":[{"href":"https:\/\/dr-nikolaus.de\/index.php?rest_route=%2Fwp%2Fv2%2Fmedia&parent=1074"}],"curies":[{"name":"wp","href":"https:\/\/api.w.org\/{rel}","templated":true}]}}