{"id":150,"date":"2011-02-06T12:48:49","date_gmt":"2011-02-06T11:48:49","guid":{"rendered":"http:\/\/dr-nikolaus.de\/?page_id=150"},"modified":"2017-04-04T07:34:35","modified_gmt":"2017-04-04T06:34:35","slug":"ursachen","status":"publish","type":"page","link":"https:\/\/dr-nikolaus.de\/?page_id=150","title":{"rendered":"Ursachen"},"content":{"rendered":"<p style=\"text-align: justify;\"><span style=\"color: #000000;\">Die Hauptursache f\u00fcr entz\u00fcndliche Zahnfleischerkrankungen sind bakterielle Zahnbel\u00e4ge und Zahnstein. Werden diese nicht regelm\u00e4\u00dfig entfernt, so k\u00f6nnen sie sich wie ein Keil zwischen Zahn und Zahnfleisch schieben. So entstehen Zahnfleischtaschen, die f\u00fcr das weitere Fortschreiten der Erkrankung verantwortlich sind. Die sich in den Taschen befindlichen Bakterien k\u00f6nnen sich hier ungehindert vermehren und die Gewebe des Zahnhalteapparates im Lauf der Zeit zerst\u00f6ren.<\/span><\/p>\n<p style=\"text-align: justify;\"><span style=\"color: #000000;\">\u00a0<\/span><span style=\"color: #000000;\">Weitere Faktoren, die eine Parodontitis beg\u00fcnstigen sind unter anderem:<\/span><\/p>\n<p style=\"text-align: justify;\"><span style=\"color: #000000;\">&#8211; Rauchen<br \/>\n<\/span><span style=\"color: #000000;\">&#8211; Stress<br \/>\n<\/span><span style=\"color: #000000;\">&#8211; Erbliche Veranlagung<br \/>\n<\/span><span style=\"color: #000000;\">&#8211; Erkrankungen, die die Immunabwehr des Patienten schw\u00e4chen (z.B. Diabetes)<br \/>\n<\/span><span style=\"color: #000000;\">&#8211; Bestimmte Medikamente<\/span><\/p>\n<p style=\"text-align: justify;\"><span style=\"color: #000000;\">Eine gute heimische Zahnpflege und eine professionelle Zahnreinigung in der Praxis sind die beste Vorbeugung gegen Parodontitis und gleichzeitig auch die erste Behandlungsma\u00dfnahme bei beginnenden Erkrankungen.<\/span><\/p>\n<p style=\"text-align: justify;\">\n<p style=\"text-align: justify;\"><span style=\"color: #ffffff;\">Zahnarzt Bad S\u00e4ckingen Bad S\u00e4ckingen Zahnarzt<\/span><\/p>\n","protected":false},"excerpt":{"rendered":"<p>Die Hauptursache f\u00fcr entz\u00fcndliche Zahnfleischerkrankungen sind bakterielle Zahnbel\u00e4ge und Zahnstein. Werden diese nicht regelm\u00e4\u00dfig entfernt, so k\u00f6nnen sie sich wie ein Keil zwischen Zahn und Zahnfleisch schieben. So entstehen Zahnfleischtaschen, die f\u00fcr das weitere Fortschreiten der Erkrankung verantwortlich sind. Die &hellip; <a href=\"https:\/\/dr-nikolaus.de\/?page_id=150\">Weiterlesen <span class=\"meta-nav\">&rarr;<\/span><\/a><\/p>\n","protected":false},"author":2,"featured_media":0,"parent":36,"menu_order":2,"comment_status":"closed","ping_status":"open","template":"","meta":{"footnotes":""},"_links":{"self":[{"href":"https:\/\/dr-nikolaus.de\/index.php?rest_route=\/wp\/v2\/pages\/150"}],"collection":[{"href":"https:\/\/dr-nikolaus.de\/index.php?rest_route=\/wp\/v2\/pages"}],"about":[{"href":"https:\/\/dr-nikolaus.de\/index.php?rest_route=\/wp\/v2\/types\/page"}],"author":[{"embeddable":true,"href":"https:\/\/dr-nikolaus.de\/index.php?rest_route=\/wp\/v2\/users\/2"}],"replies":[{"embeddable":true,"href":"https:\/\/dr-nikolaus.de\/index.php?rest_route=%2Fwp%2Fv2%2Fcomments&post=150"}],"version-history":[{"count":9,"href":"https:\/\/dr-nikolaus.de\/index.php?rest_route=\/wp\/v2\/pages\/150\/revisions"}],"predecessor-version":[{"id":1374,"href":"https:\/\/dr-nikolaus.de\/index.php?rest_route=\/wp\/v2\/pages\/150\/revisions\/1374"}],"up":[{"embeddable":true,"href":"https:\/\/dr-nikolaus.de\/index.php?rest_route=\/wp\/v2\/pages\/36"}],"wp:attachment":[{"href":"https:\/\/dr-nikolaus.de\/index.php?rest_route=%2Fwp%2Fv2%2Fmedia&parent=150"}],"curies":[{"name":"wp","href":"https:\/\/api.w.org\/{rel}","templated":true}]}}