{"id":152,"date":"2011-02-06T12:50:17","date_gmt":"2011-02-06T11:50:17","guid":{"rendered":"http:\/\/dr-nikolaus.de\/?page_id=152"},"modified":"2017-04-04T07:34:50","modified_gmt":"2017-04-04T06:34:50","slug":"symptome","status":"publish","type":"page","link":"https:\/\/dr-nikolaus.de\/?page_id=152","title":{"rendered":"Symptome"},"content":{"rendered":"<p style=\"text-align: justify;\"><span style=\"color: #000000;\">H\u00e4ufig bleibt eine Parodontitis lange unbemerkt, weil zu Beginn kaum Beschwerden auftreten.<\/span><\/p>\n<p style=\"text-align: justify;\"><span style=\"color: #000000;\">Sichtbare Zeichen f\u00fcr eine Parodontitis k\u00f6nnen sein:<\/span><\/p>\n<p style=\"text-align: justify;\"><span style=\"color: #000000;\">&#8211; H\u00e4ufiges Zahnfleischbluten z.B. beim Z\u00e4hneputzen<br \/>\n&#8211; Schwellung und R\u00f6tung des Zahnfleisches<br \/>\n&#8211; scheinbares \u201eL\u00e4ngerwerden\u201c der Z\u00e4hne durch zur\u00fcckgehendes Zahnfleisch<br \/>\n&#8211; Wanderung und Lockerung der Z\u00e4hne<br \/>\n&#8211; k\u00e4lteempfindliche Zahnh\u00e4lse<br \/>\n&#8211; st\u00e4ndige Probleme mit Mundgeruch<\/span><\/p>\n<p style=\"text-align: justify;\">\n<p style=\"text-align: justify;\"><span style=\"color: #ffffff;\">Zahnarzt Bad S\u00e4ckingen Bad S\u00e4ckingen Zahnarzt<\/span><\/p>\n","protected":false},"excerpt":{"rendered":"<p>H\u00e4ufig bleibt eine Parodontitis lange unbemerkt, weil zu Beginn kaum Beschwerden auftreten. Sichtbare Zeichen f\u00fcr eine Parodontitis k\u00f6nnen sein: &#8211; H\u00e4ufiges Zahnfleischbluten z.B. beim Z\u00e4hneputzen &#8211; Schwellung und R\u00f6tung des Zahnfleisches &#8211; scheinbares \u201eL\u00e4ngerwerden\u201c der Z\u00e4hne durch zur\u00fcckgehendes Zahnfleisch &#8211; &hellip; <a href=\"https:\/\/dr-nikolaus.de\/?page_id=152\">Weiterlesen <span class=\"meta-nav\">&rarr;<\/span><\/a><\/p>\n","protected":false},"author":2,"featured_media":0,"parent":36,"menu_order":3,"comment_status":"closed","ping_status":"open","template":"","meta":{"footnotes":""},"_links":{"self":[{"href":"https:\/\/dr-nikolaus.de\/index.php?rest_route=\/wp\/v2\/pages\/152"}],"collection":[{"href":"https:\/\/dr-nikolaus.de\/index.php?rest_route=\/wp\/v2\/pages"}],"about":[{"href":"https:\/\/dr-nikolaus.de\/index.php?rest_route=\/wp\/v2\/types\/page"}],"author":[{"embeddable":true,"href":"https:\/\/dr-nikolaus.de\/index.php?rest_route=\/wp\/v2\/users\/2"}],"replies":[{"embeddable":true,"href":"https:\/\/dr-nikolaus.de\/index.php?rest_route=%2Fwp%2Fv2%2Fcomments&post=152"}],"version-history":[{"count":7,"href":"https:\/\/dr-nikolaus.de\/index.php?rest_route=\/wp\/v2\/pages\/152\/revisions"}],"predecessor-version":[{"id":1375,"href":"https:\/\/dr-nikolaus.de\/index.php?rest_route=\/wp\/v2\/pages\/152\/revisions\/1375"}],"up":[{"embeddable":true,"href":"https:\/\/dr-nikolaus.de\/index.php?rest_route=\/wp\/v2\/pages\/36"}],"wp:attachment":[{"href":"https:\/\/dr-nikolaus.de\/index.php?rest_route=%2Fwp%2Fv2%2Fmedia&parent=152"}],"curies":[{"name":"wp","href":"https:\/\/api.w.org\/{rel}","templated":true}]}}