{"id":192,"date":"2011-02-06T13:32:23","date_gmt":"2011-02-06T12:32:23","guid":{"rendered":"http:\/\/dr-nikolaus.de\/?page_id=192"},"modified":"2022-06-23T07:58:08","modified_gmt":"2022-06-23T06:58:08","slug":"kronen","status":"publish","type":"page","link":"https:\/\/dr-nikolaus.de\/?page_id=192","title":{"rendered":"Kronen"},"content":{"rendered":"<p style=\"text-align: justify;\"><span style=\"color: #000000;\">Ist ein stark besch\u00e4digter Zahn nicht mehr mit einer F\u00fcllung zu reparieren, muss er \u00fcberkront werden. Eine Krone umfasst den ganzen sichtbaren Anteil des Zahnes und gibt ihm damit seine Form und seine Funktion zur\u00fcck. Es bleibt vom Zahn nur ein innerer Kern (Zahnstumpf), auf dem die Krone befestigt wird.<\/span><\/p>\n<p style=\"text-align: justify;\"><span style=\"color: #000000;\">\u00a0<\/span><\/p>\n<p><span style=\"color: #ffffff;\">Zahnarzt Bad S\u00e4ckingen Bad S\u00e4ckingen Zahnarzt<\/span><\/p>\n<p style=\"text-align: justify;\">\n","protected":false},"excerpt":{"rendered":"<p>Ist ein stark besch\u00e4digter Zahn nicht mehr mit einer F\u00fcllung zu reparieren, muss er \u00fcberkront werden. Eine Krone umfasst den ganzen sichtbaren Anteil des Zahnes und gibt ihm damit seine Form und seine Funktion zur\u00fcck. Es bleibt vom Zahn nur &hellip; <a href=\"https:\/\/dr-nikolaus.de\/?page_id=192\">Weiterlesen <span class=\"meta-nav\">&rarr;<\/span><\/a><\/p>\n","protected":false},"author":2,"featured_media":0,"parent":49,"menu_order":2,"comment_status":"closed","ping_status":"open","template":"","meta":{"footnotes":""},"_links":{"self":[{"href":"https:\/\/dr-nikolaus.de\/index.php?rest_route=\/wp\/v2\/pages\/192"}],"collection":[{"href":"https:\/\/dr-nikolaus.de\/index.php?rest_route=\/wp\/v2\/pages"}],"about":[{"href":"https:\/\/dr-nikolaus.de\/index.php?rest_route=\/wp\/v2\/types\/page"}],"author":[{"embeddable":true,"href":"https:\/\/dr-nikolaus.de\/index.php?rest_route=\/wp\/v2\/users\/2"}],"replies":[{"embeddable":true,"href":"https:\/\/dr-nikolaus.de\/index.php?rest_route=%2Fwp%2Fv2%2Fcomments&post=192"}],"version-history":[{"count":10,"href":"https:\/\/dr-nikolaus.de\/index.php?rest_route=\/wp\/v2\/pages\/192\/revisions"}],"predecessor-version":[{"id":1625,"href":"https:\/\/dr-nikolaus.de\/index.php?rest_route=\/wp\/v2\/pages\/192\/revisions\/1625"}],"up":[{"embeddable":true,"href":"https:\/\/dr-nikolaus.de\/index.php?rest_route=\/wp\/v2\/pages\/49"}],"wp:attachment":[{"href":"https:\/\/dr-nikolaus.de\/index.php?rest_route=%2Fwp%2Fv2%2Fmedia&parent=192"}],"curies":[{"name":"wp","href":"https:\/\/api.w.org\/{rel}","templated":true}]}}