{"id":194,"date":"2011-02-06T13:44:36","date_gmt":"2011-02-06T12:44:36","guid":{"rendered":"http:\/\/dr-nikolaus.de\/?page_id=194"},"modified":"2022-06-23T07:58:51","modified_gmt":"2022-06-23T06:58:51","slug":"brucken","status":"publish","type":"page","link":"https:\/\/dr-nikolaus.de\/?page_id=194","title":{"rendered":"Br\u00fccken"},"content":{"rendered":"<p style=\"text-align: justify;\"><span style=\"color: #000000;\">L\u00fccken im Gebiss k\u00f6nnen am einfachsten mit Hilfe von Br\u00fccken geschlossen werden. Die Br\u00fcckenglieder ersetzen die fehlenden Z\u00e4hne, w\u00e4hrend die Ankerkronen die ganze Konstruktion an den benachbarten Pfeilerz\u00e4hnen befestigen.<br \/>\n<\/span><span style=\"color: #000000;\">Falls die Anzahl, die Lage oder der Zustand der Restz\u00e4hne die Anwendung von Br\u00fccken nicht erm\u00f6glicht, sind <strong>Implantate<\/strong> <\/span><span style=\"color: #000000;\">eine M\u00f6glichkeit festsitzenden Zahnersatz herzustellen. Ein gro\u00dfer Vorteil dabei ist, dass gesunde Nachbarz\u00e4hne dabei nicht abgeschliffen werden m\u00fcssen.<\/span><\/p>\n<p style=\"text-align: justify;\"><span style=\"color: #000000;\"><br \/>\n<\/span><\/p>\n<p style=\"text-align: justify;\"><span style=\"color: #000000;\">Fehlen f\u00fcr eine festsitzende Br\u00fccke ausreichende Verankerungsz\u00e4hne, k\u00f6nnen durch einen chirurgischen Eingriff <strong>Implantate<\/strong>, so genannte k\u00fcnstliche Zahnwurzeln, in den Kieferknochen eingebracht werden. Das\u00a0Implantat<\/span><span style=\"color: #000000;\"> ist jedoch nicht der vollst\u00e4ndige Zahnersatz. Es dient als k\u00fcnstliche Wurzel, auf welche sp\u00e4ter die sichtbare Krone aufgesetzt wird.<br \/>\n<\/span><span style=\"color: #000000;\">Ob ein Implantat sinnvoll ist, h\u00e4ngt unter anderem von der Kieferknochenqualit\u00e4t, dem Alter des Patienten und bestimmten Vorerkrankungen des Patienten ab und muss immer individuell auf die gegebene Situation abgestimmt sein.<\/span><\/p>\n","protected":false},"excerpt":{"rendered":"<p>L\u00fccken im Gebiss k\u00f6nnen am einfachsten mit Hilfe von Br\u00fccken geschlossen werden. Die Br\u00fcckenglieder ersetzen die fehlenden Z\u00e4hne, w\u00e4hrend die Ankerkronen die ganze Konstruktion an den benachbarten Pfeilerz\u00e4hnen befestigen. Falls die Anzahl, die Lage oder der Zustand der Restz\u00e4hne die &hellip; <a href=\"https:\/\/dr-nikolaus.de\/?page_id=194\">Weiterlesen <span class=\"meta-nav\">&rarr;<\/span><\/a><\/p>\n","protected":false},"author":2,"featured_media":0,"parent":49,"menu_order":3,"comment_status":"closed","ping_status":"open","template":"","meta":{"footnotes":""},"_links":{"self":[{"href":"https:\/\/dr-nikolaus.de\/index.php?rest_route=\/wp\/v2\/pages\/194"}],"collection":[{"href":"https:\/\/dr-nikolaus.de\/index.php?rest_route=\/wp\/v2\/pages"}],"about":[{"href":"https:\/\/dr-nikolaus.de\/index.php?rest_route=\/wp\/v2\/types\/page"}],"author":[{"embeddable":true,"href":"https:\/\/dr-nikolaus.de\/index.php?rest_route=\/wp\/v2\/users\/2"}],"replies":[{"embeddable":true,"href":"https:\/\/dr-nikolaus.de\/index.php?rest_route=%2Fwp%2Fv2%2Fcomments&post=194"}],"version-history":[{"count":9,"href":"https:\/\/dr-nikolaus.de\/index.php?rest_route=\/wp\/v2\/pages\/194\/revisions"}],"predecessor-version":[{"id":1627,"href":"https:\/\/dr-nikolaus.de\/index.php?rest_route=\/wp\/v2\/pages\/194\/revisions\/1627"}],"up":[{"embeddable":true,"href":"https:\/\/dr-nikolaus.de\/index.php?rest_route=\/wp\/v2\/pages\/49"}],"wp:attachment":[{"href":"https:\/\/dr-nikolaus.de\/index.php?rest_route=%2Fwp%2Fv2%2Fmedia&parent=194"}],"curies":[{"name":"wp","href":"https:\/\/api.w.org\/{rel}","templated":true}]}}