{"id":47,"date":"2011-01-06T14:20:54","date_gmt":"2011-01-06T14:20:54","guid":{"rendered":"http:\/\/dr-nikolaus.de\/?page_id=47"},"modified":"2023-06-19T09:22:20","modified_gmt":"2023-06-19T08:22:20","slug":"cerec-3d","status":"publish","type":"page","link":"https:\/\/dr-nikolaus.de\/?page_id=47","title":{"rendered":"Digitale Zahnabformung"},"content":{"rendered":"<p style=\"text-align: justify;\">Wir bieten Ihnen in vielen F\u00e4llen eine komfortable Alternative zum einem herk\u00f6mmlichen Abdruck. Schnell, pr\u00e4zise und vor allem <strong>ohne das unangenehme Einbeissen in Abformmasse<\/strong>. Ein Intraoralscanner erzeug ein digitales detailgenaues Abbild Ihrer Z\u00e4hne.<\/p>\n<p><strong>Funktion:<\/strong><br \/>\nIhre Zahnreihen werden von einer kleinen Kamera ber\u00fchrungslos optisch erfasst und digitalisiert. Die Daten werden im Anschluss auf dem Monitor als dreidimensionales Modell abgebildet. In wenigen Minuten kann man somit ber\u00fchrungsarm und schmerzfrei den gesamten Kiefer scannen. <strong>Kein W\u00fcrgereiz<\/strong> und ohne die Z\u00e4hne zu ber\u00fchren. Der durch den Scan erzeugte Datensatz wird anschlie\u00dfend in unser meistergef\u00fchrtes Zahntechnikerlabor gesendet, das anhand der Bilder den Zahnersatz erstellt.<\/p>\n<p><img loading=\"lazy\" decoding=\"async\" class=\"alignnone size-medium wp-image-1643\" src=\"https:\/\/dr-nikolaus.de\/wp-content\/uploads\/2023\/06\/DSC00708-300x200.jpg\" alt=\"\" width=\"300\" height=\"200\" srcset=\"https:\/\/dr-nikolaus.de\/wp-content\/uploads\/2023\/06\/DSC00708-300x200.jpg 300w, https:\/\/dr-nikolaus.de\/wp-content\/uploads\/2023\/06\/DSC00708-1024x683.jpg 1024w, https:\/\/dr-nikolaus.de\/wp-content\/uploads\/2023\/06\/DSC00708-768x512.jpg 768w, https:\/\/dr-nikolaus.de\/wp-content\/uploads\/2023\/06\/DSC00708-1536x1024.jpg 1536w, https:\/\/dr-nikolaus.de\/wp-content\/uploads\/2023\/06\/DSC00708-2048x1365.jpg 2048w\" sizes=\"(max-width: 300px) 100vw, 300px\" \/> <img loading=\"lazy\" decoding=\"async\" class=\"alignnone wp-image-1644 size-medium\" src=\"https:\/\/dr-nikolaus.de\/wp-content\/uploads\/2023\/06\/DSC00745-300x200.jpg\" alt=\"\" width=\"300\" height=\"200\" srcset=\"https:\/\/dr-nikolaus.de\/wp-content\/uploads\/2023\/06\/DSC00745-300x200.jpg 300w, https:\/\/dr-nikolaus.de\/wp-content\/uploads\/2023\/06\/DSC00745-1024x683.jpg 1024w, https:\/\/dr-nikolaus.de\/wp-content\/uploads\/2023\/06\/DSC00745-768x512.jpg 768w, https:\/\/dr-nikolaus.de\/wp-content\/uploads\/2023\/06\/DSC00745-1536x1024.jpg 1536w, https:\/\/dr-nikolaus.de\/wp-content\/uploads\/2023\/06\/DSC00745-2048x1365.jpg 2048w\" sizes=\"(max-width: 300px) 100vw, 300px\" \/><\/p>\n","protected":false},"excerpt":{"rendered":"<p>Wir bieten Ihnen in vielen F\u00e4llen eine komfortable Alternative zum einem herk\u00f6mmlichen Abdruck. Schnell, pr\u00e4zise und vor allem ohne das unangenehme Einbeissen in Abformmasse. Ein Intraoralscanner erzeug ein digitales detailgenaues Abbild Ihrer Z\u00e4hne. Funktion: Ihre Zahnreihen werden von einer kleinen &hellip; <a href=\"https:\/\/dr-nikolaus.de\/?page_id=47\">Weiterlesen <span class=\"meta-nav\">&rarr;<\/span><\/a><\/p>\n","protected":false},"author":2,"featured_media":0,"parent":21,"menu_order":7,"comment_status":"closed","ping_status":"open","template":"","meta":{"footnotes":""},"_links":{"self":[{"href":"https:\/\/dr-nikolaus.de\/index.php?rest_route=\/wp\/v2\/pages\/47"}],"collection":[{"href":"https:\/\/dr-nikolaus.de\/index.php?rest_route=\/wp\/v2\/pages"}],"about":[{"href":"https:\/\/dr-nikolaus.de\/index.php?rest_route=\/wp\/v2\/types\/page"}],"author":[{"embeddable":true,"href":"https:\/\/dr-nikolaus.de\/index.php?rest_route=\/wp\/v2\/users\/2"}],"replies":[{"embeddable":true,"href":"https:\/\/dr-nikolaus.de\/index.php?rest_route=%2Fwp%2Fv2%2Fcomments&post=47"}],"version-history":[{"count":37,"href":"https:\/\/dr-nikolaus.de\/index.php?rest_route=\/wp\/v2\/pages\/47\/revisions"}],"predecessor-version":[{"id":1647,"href":"https:\/\/dr-nikolaus.de\/index.php?rest_route=\/wp\/v2\/pages\/47\/revisions\/1647"}],"up":[{"embeddable":true,"href":"https:\/\/dr-nikolaus.de\/index.php?rest_route=\/wp\/v2\/pages\/21"}],"wp:attachment":[{"href":"https:\/\/dr-nikolaus.de\/index.php?rest_route=%2Fwp%2Fv2%2Fmedia&parent=47"}],"curies":[{"name":"wp","href":"https:\/\/api.w.org\/{rel}","templated":true}]}}