{"id":73,"date":"2011-01-06T14:49:47","date_gmt":"2011-01-06T14:49:47","guid":{"rendered":"http:\/\/dr-nikolaus.de\/?page_id=73"},"modified":"2019-04-04T06:59:14","modified_gmt":"2019-04-04T05:59:14","slug":"geschichte-und-philosophie","status":"publish","type":"page","link":"https:\/\/dr-nikolaus.de\/?page_id=73","title":{"rendered":"Geschichte und Philosophie"},"content":{"rendered":"<p style=\"text-align: justify;\"><span style=\"color: #000000;\"><strong>Praxisgeschichte:<\/strong> Unsere Praxis wurde 1989 durch Dr. Wolfgang Nikolaus gegr\u00fcndet und war zun\u00e4chst in kleineren R\u00e4umen etabliert. 1998 fand dann der Umzug in die neuen, modern eingerichteten R\u00e4ume in der Hauensteinstra\u00dfe statt, um ein noch effektiveres und angenehmeres Arbeiten zum Wohle unserer Patienten zu erm\u00f6glichen.\u00a0 Im April 2011 er\u00f6ffneten wir schlie\u00dflich unsere Gemeinschaftspraxis. Seit dem 01.04.2019 ist nun Dr. Wolfgang Nikolaus im Ruhestand und Dr. Frank Nikolaus f\u00fchrt die Praxis weiter.<\/span><\/p>\n<p style=\"text-align: justify;\"><span style=\"color: #000000;\"><strong>Praxisphilosophie:<\/strong> Unser wichtigstes Ziel ist die langfristige Gesunderhaltung Ihrer eigenen Z\u00e4hne durch eine intensive Zahnprophylaxe, die wir Ihnen mit allen dazu m\u00f6glichen Behandlungsmethoden anbieten.<\/span><\/p>\n<p style=\"text-align: justify;\"><span style=\"color: #000000;\">F\u00fcr Patienten mit bereits gesch\u00e4digtem Gebiss ist es unser Bestreben, im Zahnersatzbereich qualitativ hochwertige L\u00f6sungen zu pr\u00e4sentieren, die eine optimale Wiederherstellung sowohl im funktionellen, wie auch im \u00e4sthetischen Sinn darstellen.<\/span><\/p>\n","protected":false},"excerpt":{"rendered":"<p>Praxisgeschichte: Unsere Praxis wurde 1989 durch Dr. Wolfgang Nikolaus gegr\u00fcndet und war zun\u00e4chst in kleineren R\u00e4umen etabliert. 1998 fand dann der Umzug in die neuen, modern eingerichteten R\u00e4ume in der Hauensteinstra\u00dfe statt, um ein noch effektiveres und angenehmeres Arbeiten zum &hellip; <a href=\"https:\/\/dr-nikolaus.de\/?page_id=73\">Weiterlesen <span class=\"meta-nav\">&rarr;<\/span><\/a><\/p>\n","protected":false},"author":2,"featured_media":0,"parent":4,"menu_order":3,"comment_status":"closed","ping_status":"open","template":"","meta":{"footnotes":""},"_links":{"self":[{"href":"https:\/\/dr-nikolaus.de\/index.php?rest_route=\/wp\/v2\/pages\/73"}],"collection":[{"href":"https:\/\/dr-nikolaus.de\/index.php?rest_route=\/wp\/v2\/pages"}],"about":[{"href":"https:\/\/dr-nikolaus.de\/index.php?rest_route=\/wp\/v2\/types\/page"}],"author":[{"embeddable":true,"href":"https:\/\/dr-nikolaus.de\/index.php?rest_route=\/wp\/v2\/users\/2"}],"replies":[{"embeddable":true,"href":"https:\/\/dr-nikolaus.de\/index.php?rest_route=%2Fwp%2Fv2%2Fcomments&post=73"}],"version-history":[{"count":9,"href":"https:\/\/dr-nikolaus.de\/index.php?rest_route=\/wp\/v2\/pages\/73\/revisions"}],"predecessor-version":[{"id":1523,"href":"https:\/\/dr-nikolaus.de\/index.php?rest_route=\/wp\/v2\/pages\/73\/revisions\/1523"}],"up":[{"embeddable":true,"href":"https:\/\/dr-nikolaus.de\/index.php?rest_route=\/wp\/v2\/pages\/4"}],"wp:attachment":[{"href":"https:\/\/dr-nikolaus.de\/index.php?rest_route=%2Fwp%2Fv2%2Fmedia&parent=73"}],"curies":[{"name":"wp","href":"https:\/\/api.w.org\/{rel}","templated":true}]}}