{"id":77,"date":"2011-02-06T12:40:06","date_gmt":"2011-02-06T11:40:06","guid":{"rendered":"http:\/\/dr-nikolaus.de\/?page_id=77"},"modified":"2023-11-10T09:20:57","modified_gmt":"2023-11-10T08:20:57","slug":"impressum","status":"publish","type":"page","link":"https:\/\/dr-nikolaus.de\/?page_id=77","title":{"rendered":"Impressum"},"content":{"rendered":"<p><strong>Verantwortlich f\u00fcr den Inhalt gem\u00e4\u00df \u00a7 5 TMG:<\/strong><\/p>\n<p><strong>\u00a0<\/strong><\/p>\n<p>Dr. Frank Nikolaus<br \/>\nHauensteinstr. 78<br \/>\n79713 Bad S\u00e4ckingen<\/p>\n<p>Tel: +49 (0) 7761 \/ 7476<\/p>\n<p>Fax: +49 (0) 7761 \/ 9987660<\/p>\n<p><a href=\"http:\/\/www.dr-nikolaus.de\/\">http:\/\/www.dr-nikolaus.de<\/a><\/p>\n<p><a href=\"&#x6d;&#x61;&#x69;&#x6c;&#x74;&#111;&#58;&#105;&#110;fo&#64;&#x64;&#x72;&#x2d;&#x6e;&#x69;&#x6b;&#111;&#108;&#97;us&#46;&#x64;&#x65;\">info[at)dr-nikolaus.de<\/a><\/p>\n<p>&nbsp;<\/p>\n<p><strong>Inhaber:<\/strong><\/p>\n<p>Dr. Frank Nikolaus, Mitglied der Landeszahn\u00e4rztekammer Baden-W\u00fcrttemberg, Sektion Freiburg<\/p>\n<p>Berufsbezeichnung: Zahnarzt (Dr. med. dent.), verliehen von der Bundesrepublik Deutschland<\/p>\n<p>&nbsp;<\/p>\n<p><strong>Inhaltlich verantwortlich:<\/strong><\/p>\n<p>Dr. Frank Nikolaus<\/p>\n<p>&nbsp;<\/p>\n<p><strong>Berufsbezeichnung:<\/strong><\/p>\n<p>Zahnarzt (Berufsbezeichnung verliehen in der Bundesrepublik Deutschland)<\/p>\n<p>&nbsp;<\/p>\n<p><strong>Zust\u00e4ndige Kammer:<\/strong><\/p>\n<p>Landeszahn\u00e4rztekammer Baden-W\u00fcrttemberg<br \/>\nAlbstadtweg 9<br \/>\n70567 Stuttgart<br \/>\nInternet:\u00a0<a href=\"http:\/\/www.lzk-bw.de\/\">http:\/\/www.lzk-bw.de\/<\/a><\/p>\n<p>&nbsp;<\/p>\n<p><strong>Zust\u00e4ndige Aufsichtsbeh\u00f6rde:<\/strong><\/p>\n<p>Kassenzahn\u00e4rztliche Vereinigung Baden-W\u00fcrttemberg<br \/>\nAlbstadtweg 9<br \/>\n70567 Stuttgart<br \/>\nInternet:\u00a0<a href=\"http:\/\/www.kzvbw.de\/site\/\">http:\/\/www.kzvbw.de\/site\/<\/a><\/p>\n<p>&nbsp;<\/p>\n<p><strong>Berufsrechtliche Regelungen:<\/strong><\/p>\n<p>Es gelten folgende berufsrechtliche Regelungen:<\/p>\n<p>&nbsp;<\/p>\n<p>&#8211; Heilberufe Kammergesetz<\/p>\n<p>&#8211; Zahnheilkundegesetz<\/p>\n<p>&#8211; Berufsordnung f\u00fcr Zahn\u00e4rzte<\/p>\n<p>&#8211; Geb\u00fchrenordnung f\u00fcr Zahn\u00e4rzte (GOZ)<\/p>\n<p>&nbsp;<\/p>\n<p>Die oben genannten Regelungen sind auf der Website der Landeszahn\u00e4rztekammer Baden-W\u00fcrttemberg (<a href=\"http:\/\/www.lzk-bw.de\/\">http:\/\/www.lzk-bw.de\/<\/a>) einsehbar im Men\u00fcpunkt\u00a0<a href=\"http:\/\/www.lzk-bw.de\/patienten\/gesetzliche-regelungen-zur-zahnaerztlichen-berufsausuebung\/\">\u201ePatienten &gt; Gesetzliche Regelungen\u201c<\/a>.<\/p>\n<p>&nbsp;<\/p>\n<p>&nbsp;<\/p>\n<p><strong>Haftungsausschluss:<\/strong><\/p>\n<p>Unsere Praxis \u00fcbernimmt keinerlei Gew\u00e4hr f\u00fcr die Aktualit\u00e4t, Korrektheit, Vollst\u00e4ndigkeit oder Qualit\u00e4t der bereitgestellten Informationen.<\/p>\n<p>Haftungsanspr\u00fcche gegen unsere Praxis, welche sich auf Sch\u00e4den materieller oder ideeller Art beziehen, die durch die Nutzung oder Nichtnutzung der dargebotenen Informationen bzw. durch die Nutzung fehlerhafter und unvollst\u00e4ndiger Informationen verursacht wurden, sind grunds\u00e4tzlich ausgeschlossen, sofern seitens unserer Praxis kein nachweislich vors\u00e4tzliches oder grob fahrl\u00e4ssiges Verschulden vorliegt.<\/p>\n<p>Teile der Seiten oder das gesamte Angebot k\u00f6nnen durch uns ohne gesonderte Ank\u00fcndigung ver\u00e4ndert, erg\u00e4nzt, gel\u00f6scht oder eingestellt werden.<\/p>\n<p><strong>\u00a0<\/strong><\/p>\n<p><strong>Verweise und Links:<\/strong><\/p>\n<p>Bei direkten oder indirekten Verweisen auf fremde Webseiten (&#8222;Hyperlinks&#8220;), die au\u00dferhalb des Verantwortungsbereiches unserer Praxis liegen, w\u00fcrde eine Haftungsverpflichtung ausschlie\u00dflich in dem Fall in Kraft treten, in dem unsere Praxis von den Inhalten Kenntnis hat und es technisch m\u00f6glich und zumutbar w\u00e4re, die Nutzung im Falle rechtswidriger Inhalte zu verhindern.<\/p>\n<p>Hiermit wird ausdr\u00fccklich erkl\u00e4rt, dass zum Zeitpunkt der Linksetzung keine illegalen Inhalte auf den zu verlinkenden Seiten erkennbar waren. Auf die aktuelle und zuk\u00fcnftige Gestaltung, die Inhalte oder die Urheberschaft der verlinkten\/verkn\u00fcpften Seiten hat die Praxis keinerlei Einfluss. Deshalb distanziert sich unsere Praxis hiermit ausdr\u00fccklich von allen Inhalten aller verlinkten\/verkn\u00fcpften Seiten, die nach der Linksetzung ver\u00e4ndert wurden. Diese Feststellung gilt f\u00fcr alle innerhalb des eigenen Internetangebotes gesetzten Links und Verweise.<\/p>\n<p><strong>\u00a0<\/strong><\/p>\n<h3 id=\"datenschutz\"><strong>Eingabe pers\u00f6nlicher oder gesch\u00e4ftlicher Daten:<\/strong><\/h3>\n<p>Sofern innerhalb des Internetangebotes die M\u00f6glichkeit zur Eingabe pers\u00f6nlicher oder gesch\u00e4ftlicher Daten (E-Mail-Adressen, Namen, Anschriften) besteht, so erfolgt die Preisgabe dieser Daten seitens des Nutzers auf ausdr\u00fccklich freiwilliger Basis. Die Inanspruchnahme aller angebotenen Dienste ist auch ohne Angabe solcher Daten bzw. unter Angabe anonymisierter Daten oder eines Pseudonyms gestattet. Die Nutzung der im Rahmen des Impressums oder vergleichbarer Angaben ver\u00f6ffentlichten Kontaktdaten wie Postanschriften, Telefon- und Faxnummern sowie E-Mail-Adressen durch Dritte zur \u00dcbersendung von nicht ausdr\u00fccklich angeforderten Informationen ist nicht gestattet.<\/p>\n<p><strong>Urheber- und Kennzeichenrecht:<\/strong><\/p>\n<p>Die durch die Seitenbetreiber erstellten Inhalte und Werke auf diesen Seiten unterliegen dem deutschen Urheberrecht. Die Vervielf\u00e4ltigung, Bearbeitung, Verbreitung und jede Art der Verwertung au\u00dferhalb der Grenzen des Urheberrechtes bed\u00fcrfen der schriftlichen Zustimmung des jeweiligen Autors bzw. Erstellers. Downloads und Kopien dieser Seite sind nur f\u00fcr den privaten, nicht kommerziellen Gebrauch gestattet. Soweit die Inhalte auf dieser Seite nicht vom Betreiber erstellt wurden, werden die Urheberrechte Dritter beachtet. Insbesondere werden Inhalte Dritter als solche gekennzeichnet. Sollten Sie trotzdem auf eine Urheberrechtsverletzung aufmerksam werden, bitten wir um einen entsprechenden Hinweis. Bei Bekanntwerden von Rechtsverletzungen werden wir derartige Inhalte umgehend entfernen.<\/p>\n<p>&nbsp;<\/p>\n<p>Stand: 28.11.2018<\/p>\n<p>&nbsp;<\/p>\n<p>Gestaltung und Programmierung dieser Seite:\u00a0<a href=\"http:\/\/www.mindshake.de\/\">http:\/\/www.mindshake.de<\/a><\/p>\n<p style=\"line-height: 18.7pt; background: white; vertical-align: top; font-variant-ligatures: normal; font-variant-caps: normal; orphans: 2; text-align: start; widows: 2; -webkit-text-stroke-width: 0px; text-decoration-style: initial; text-decoration-color: initial; word-spacing: 0px; margin: 0cm 0cm 9.35pt 0cm;\">\n","protected":false},"excerpt":{"rendered":"<p>Verantwortlich f\u00fcr den Inhalt gem\u00e4\u00df \u00a7 5 TMG: \u00a0 Dr. Frank Nikolaus Hauensteinstr. 78 79713 Bad S\u00e4ckingen Tel: +49 (0) 7761 \/ 7476 Fax: +49 (0) 7761 \/ 9987660 http:\/\/www.dr-nikolaus.de info[at)dr-nikolaus.de &nbsp; Inhaber: Dr. Frank Nikolaus, Mitglied der Landeszahn\u00e4rztekammer Baden-W\u00fcrttemberg, &hellip; <a href=\"https:\/\/dr-nikolaus.de\/?page_id=77\">Weiterlesen <span class=\"meta-nav\">&rarr;<\/span><\/a><\/p>\n","protected":false},"author":2,"featured_media":0,"parent":0,"menu_order":6,"comment_status":"closed","ping_status":"open","template":"","meta":{"footnotes":""},"_links":{"self":[{"href":"https:\/\/dr-nikolaus.de\/index.php?rest_route=\/wp\/v2\/pages\/77"}],"collection":[{"href":"https:\/\/dr-nikolaus.de\/index.php?rest_route=\/wp\/v2\/pages"}],"about":[{"href":"https:\/\/dr-nikolaus.de\/index.php?rest_route=\/wp\/v2\/types\/page"}],"author":[{"embeddable":true,"href":"https:\/\/dr-nikolaus.de\/index.php?rest_route=\/wp\/v2\/users\/2"}],"replies":[{"embeddable":true,"href":"https:\/\/dr-nikolaus.de\/index.php?rest_route=%2Fwp%2Fv2%2Fcomments&post=77"}],"version-history":[{"count":26,"href":"https:\/\/dr-nikolaus.de\/index.php?rest_route=\/wp\/v2\/pages\/77\/revisions"}],"predecessor-version":[{"id":1652,"href":"https:\/\/dr-nikolaus.de\/index.php?rest_route=\/wp\/v2\/pages\/77\/revisions\/1652"}],"wp:attachment":[{"href":"https:\/\/dr-nikolaus.de\/index.php?rest_route=%2Fwp%2Fv2%2Fmedia&parent=77"}],"curies":[{"name":"wp","href":"https:\/\/api.w.org\/{rel}","templated":true}]}}